{"id":420,"date":"2025-07-27T19:55:45","date_gmt":"2025-07-27T19:55:45","guid":{"rendered":"https:\/\/carmel-creteil.org\/?page_id=420"},"modified":"2025-08-25T12:34:52","modified_gmt":"2025-08-25T12:34:52","slug":"nous-aider","status":"publish","type":"page","link":"https:\/\/carmel-creteil.org\/index.php\/nous-aider\/","title":{"rendered":"Nous aider"},"content":{"rendered":"<nav class=\"is-responsive items-justified-center wp-block-navigation is-content-justification-center is-layout-flex wp-container-core-navigation-is-layout-a89b3969 wp-block-navigation-is-layout-flex\" aria-label=\"Menu\" \n\t\t data-wp-interactive=\"core\/navigation\" data-wp-context='{\"overlayOpenedBy\":{\"click\":false,\"hover\":false,\"focus\":false},\"type\":\"overlay\",\"roleAttribute\":\"\",\"ariaLabel\":\"Menu\"}'><button aria-haspopup=\"dialog\" aria-label=\"Ouvrir le menu\" class=\"wp-block-navigation__responsive-container-open\" \n\t\t\t\tdata-wp-on--click=\"actions.openMenuOnClick\"\n\t\t\t\tdata-wp-on--keydown=\"actions.handleMenuKeydown\"\n\t\t\t><svg width=\"24\" height=\"24\" xmlns=\"http:\/\/www.w3.org\/2000\/svg\" viewBox=\"0 0 24 24\"><path d=\"M5 5v1.5h14V5H5z\"><\/path><path d=\"M5 12.8h14v-1.5H5v1.5z\"><\/path><path d=\"M5 19h14v-1.5H5V19z\"><\/path><\/svg><\/button>\n\t\t\t\t<div class=\"wp-block-navigation__responsive-container  has-text-color has-custom-marron-fonc-color has-background has-custom-cr-me-opaque-background-color\"  id=\"modal-1\" \n\t\t\t\tdata-wp-class--has-modal-open=\"state.isMenuOpen\"\n\t\t\t\tdata-wp-class--is-menu-open=\"state.isMenuOpen\"\n\t\t\t\tdata-wp-watch=\"callbacks.initMenu\"\n\t\t\t\tdata-wp-on--keydown=\"actions.handleMenuKeydown\"\n\t\t\t\tdata-wp-on--focusout=\"actions.handleMenuFocusout\"\n\t\t\t\ttabindex=\"-1\"\n\t\t\t>\n\t\t\t\t\t<div class=\"wp-block-navigation__responsive-close\" tabindex=\"-1\">\n\t\t\t\t\t\t<div class=\"wp-block-navigation__responsive-dialog\" \n\t\t\t\tdata-wp-bind--aria-modal=\"state.ariaModal\"\n\t\t\t\tdata-wp-bind--aria-label=\"state.ariaLabel\"\n\t\t\t\tdata-wp-bind--role=\"state.roleAttribute\"\n\t\t\t>\n\t\t\t\t\t\t\t<button aria-label=\"Fermer le menu\" class=\"wp-block-navigation__responsive-container-close\" \n\t\t\t\tdata-wp-on--click=\"actions.closeMenuOnClick\"\n\t\t\t><svg xmlns=\"http:\/\/www.w3.org\/2000\/svg\" viewBox=\"0 0 24 24\" width=\"24\" height=\"24\" aria-hidden=\"true\" focusable=\"false\"><path d=\"m13.06 12 6.47-6.47-1.06-1.06L12 10.94 5.53 4.47 4.47 5.53 10.94 12l-6.47 6.47 1.06 1.06L12 13.06l6.47 6.47 1.06-1.06L13.06 12Z\"><\/path><\/svg><\/button>\n\t\t\t\t\t\t\t<div class=\"wp-block-navigation__responsive-container-content\" \n\t\t\t\tdata-wp-watch=\"callbacks.focusFirstElement\"\n\t\t\t id=\"modal-1-content\">\n\t\t\t\t\t\t\t\t<ul class=\"wp-block-navigation__container is-responsive items-justified-center wp-block-navigation\"><li style=\"text-decoration:underline;\" class=\" wp-block-navigation-item wp-block-navigation-link\"><a class=\"wp-block-navigation-item__content\"  href=\"https:\/\/carmel-creteil.org\/\"><span class=\"wp-block-navigation-item__label\">Accueil<\/span><\/a><\/li><li style=\"text-decoration:underline;\" class=\" wp-block-navigation-item wp-block-navigation-link\"><a class=\"wp-block-navigation-item__content\"  href=\"https:\/\/carmel-creteil.org\/?page_id=297&#038;preview=true\"><span class=\"wp-block-navigation-item__label\">Notre Histoire<\/span><\/a><\/li><li style=\"text-decoration:underline;\" class=\" wp-block-navigation-item wp-block-navigation-link\"><a class=\"wp-block-navigation-item__content\"  href=\"https:\/\/carmel-creteil.org\/index.php\/le-monastere-aujourdhui-a-creteil\/\"><span class=\"wp-block-navigation-item__label\">Le monast\u00e8re aujourd\u2019hui<\/span><\/a><\/li><li style=\"text-decoration:underline;\" class=\" wp-block-navigation-item wp-block-navigation-link\"><a class=\"wp-block-navigation-item__content\"  href=\"https:\/\/carmel-creteil.org\/index.php\/venir-prier\/\"><span class=\"wp-block-navigation-item__label\">Venir prier<\/span><\/a><\/li><li style=\"text-decoration:underline;\" class=\" wp-block-navigation-item wp-block-navigation-link\"><a class=\"wp-block-navigation-item__content\"  href=\"https:\/\/carmel-creteil.org\/index.php\/notre-travail\/\"><span class=\"wp-block-navigation-item__label\">Notre travail<\/span><\/a><\/li><li style=\"text-decoration:underline;\" class=\" wp-block-navigation-item wp-block-navigation-link\"><a class=\"wp-block-navigation-item__content\"  href=\"https:\/\/carmel-creteil.org\/index.php\/coordonnees-et-offices\/\"><span class=\"wp-block-navigation-item__label\">Nous contacter<\/span><\/a><\/li><li style=\"text-decoration:underline;\" class=\" wp-block-navigation-item wp-block-navigation-link\"><a class=\"wp-block-navigation-item__content\"  href=\"https:\/\/carmel-creteil.org\/index.php\/nous-aider\/\"><span class=\"wp-block-navigation-item__label\">Nous aider<\/span><\/a><\/li><\/ul>\n\t\t\t\t\t\t\t<\/div>\n\t\t\t\t\t\t<\/div>\n\t\t\t\t\t<\/div>\n\t\t\t\t<\/div><\/nav>\n\n\n<div style=\"height:33px\" aria-hidden=\"true\" class=\"wp-block-spacer\"><\/div>\n\n\n\n<p class=\"has-x-large-font-size\"><strong>Nous aider<\/strong><\/p>\n\n\n\n<div class=\"wp-block-group is-layout-constrained wp-block-group-is-layout-constrained\">\n<div class=\"wp-block-columns is-layout-flex wp-container-core-columns-is-layout-28f84493 wp-block-columns-is-layout-flex\">\n<div class=\"wp-block-column is-layout-flow wp-block-column-is-layout-flow\">\n<div style=\"height:31px\" aria-hidden=\"true\" class=\"wp-block-spacer\"><\/div>\n\n\n\n<p class=\"has-text-align-center\">L\u00e9galement reconnue, <strong>notre communaut\u00e9 est habilit\u00e9e \u00e0 recevoir des dons.<\/strong><\/p>\n\n\n\n<p class=\"has-text-align-center\">Elle peut aussi, en qualit\u00e9 de \u00ab\u00a0personne morale\u00a0\u00bb (Carmel Sainte Th\u00e9r\u00e8se), <strong>\u00eatre b\u00e9n\u00e9ficiaire de legs exon\u00e9r\u00e9s de droits.<\/strong><\/p>\n<\/div>\n\n\n\n<div class=\"wp-block-column is-layout-flow wp-block-column-is-layout-flow\">\n<p class=\"has-text-align-center has-custom-cr-me-background-color has-background\" style=\"padding-top:0;padding-right:0;padding-bottom:0;padding-left:0;font-size:26px;line-height:1.3\"><strong>Que le Seigneur vous le rende en gr\u00e2ces !<\/strong><\/p>\n\n\n\n<div class=\"wp-block-cover aligncenter has-custom-content-position is-position-top-center\" style=\"min-height:399px;aspect-ratio:unset;\"><img loading=\"lazy\" decoding=\"async\" width=\"768\" height=\"1024\" class=\"wp-block-cover__image-background wp-image-731\" alt=\"\" src=\"https:\/\/carmel-creteil.org\/wp-content\/uploads\/2025\/07\/IMG_0171-768x1024.jpg\" data-object-fit=\"cover\"\/><span aria-hidden=\"true\" class=\"wp-block-cover__background has-background-dim-0 has-background-dim\"><\/span><div class=\"wp-block-cover__inner-container is-layout-flow wp-block-cover-is-layout-flow\">\n<p class=\"has-text-align-right has-ti-bg-color has-text-color has-link-color has-x-large-font-size wp-elements-9f591927ec13e2203de3a9b4508d4bdc\">MERCI<\/p>\n\n\n\n<div style=\"height:117px\" aria-hidden=\"true\" class=\"wp-block-spacer\"><\/div>\n<\/div><\/div>\n<\/div>\n\n\n\n<div class=\"wp-block-column is-layout-flow wp-block-column-is-layout-flow\">\n<div style=\"height:19px\" aria-hidden=\"true\" class=\"wp-block-spacer\"><\/div>\n\n\n\n<p class=\"has-text-align-center\" style=\"font-size:25px\"><strong>Pour b\u00e9n\u00e9ficier d&rsquo;un re\u00e7u fiscal<\/strong>, merci de passer par La Fondation des Monast\u00e8res :<\/p>\n\n\n\n<figure class=\"wp-block-image aligncenter size-full is-resized\"><a href=\"https:\/\/fondationdesmonasteres.org\"><img loading=\"lazy\" decoding=\"async\" width=\"100\" height=\"123\" src=\"https:\/\/carmel-creteil.org\/wp-content\/uploads\/2025\/08\/Fondation-du-monasteres-830x1024-1-e1754140397183.jpg\" alt=\"\" class=\"wp-image-1162\" style=\"width:123px;height:auto\"\/><\/a><\/figure>\n\n\n\n<p class=\"has-text-align-center\" style=\"font-size:18px\"><a href=\"http:\/\/www.fondationdesmonasteres.org\"><em><strong>www.fondationdesmonasteres.org<\/strong><\/em><\/a><\/p>\n<\/div>\n<\/div>\n<\/div>\n\n\n\n<p class=\"has-text-align-center has-custom-cr-me-background-color has-background\" style=\"margin-right:0;margin-left:0;padding-top:0;padding-bottom:0;font-size:30px\"><em><strong>Tous les mois, une messe est c\u00e9l\u00e9br\u00e9e pour nos bienfaiteurs.<\/strong><\/em><\/p>\n\n\n\n<div style=\"height:100px\" aria-hidden=\"true\" class=\"wp-block-spacer\"><\/div>\n\n\n\n<p class=\"has-text-align-center\"><em>\u00a9 Tous droits r\u00e9serv\u00e9s &#8211; Carmel Sainte Th\u00e9r\u00e8se de Cr\u00e9teil<\/em><\/p>\n","protected":false},"excerpt":{"rendered":"<p>Nous aider L\u00e9galement reconnue, notre communaut\u00e9 est habilit\u00e9e \u00e0 recevoir des dons. Elle peut aussi, en qualit\u00e9 de \u00ab\u00a0personne morale\u00a0\u00bb (Carmel Sainte Th\u00e9r\u00e8se), \u00eatre b\u00e9n\u00e9ficiaire de legs exon\u00e9r\u00e9s de droits. Que le Seigneur vous le rende en gr\u00e2ces ! Pour b\u00e9n\u00e9ficier d&rsquo;un re\u00e7u fiscal, merci de passer par La Fondation des Monast\u00e8res : www.fondationdesmonasteres.org Tous [&hellip;]<\/p>\n","protected":false},"author":1,"featured_media":0,"parent":0,"menu_order":14,"comment_status":"closed","ping_status":"closed","template":"","meta":{"footnotes":""},"class_list":["post-420","page","type-page","status-publish","hentry"],"_links":{"self":[{"href":"https:\/\/carmel-creteil.org\/index.php\/wp-json\/wp\/v2\/pages\/420","targetHints":{"allow":["GET"]}}],"collection":[{"href":"https:\/\/carmel-creteil.org\/index.php\/wp-json\/wp\/v2\/pages"}],"about":[{"href":"https:\/\/carmel-creteil.org\/index.php\/wp-json\/wp\/v2\/types\/page"}],"author":[{"embeddable":true,"href":"https:\/\/carmel-creteil.org\/index.php\/wp-json\/wp\/v2\/users\/1"}],"replies":[{"embeddable":true,"href":"https:\/\/carmel-creteil.org\/index.php\/wp-json\/wp\/v2\/comments?post=420"}],"version-history":[{"count":23,"href":"https:\/\/carmel-creteil.org\/index.php\/wp-json\/wp\/v2\/pages\/420\/revisions"}],"predecessor-version":[{"id":1942,"href":"https:\/\/carmel-creteil.org\/index.php\/wp-json\/wp\/v2\/pages\/420\/revisions\/1942"}],"wp:attachment":[{"href":"https:\/\/carmel-creteil.org\/index.php\/wp-json\/wp\/v2\/media?parent=420"}],"curies":[{"name":"wp","href":"https:\/\/api.w.org\/{rel}","templated":true}]}}

<nav class="is-responsive items-justified-center wp-block-navigation is-content-justification-center is-layout-flex wp-container-core-navigation-is-layout-a89b3969 wp-block-navigation-is-layout-flex" aria-label="Menu" 
		 data-wp-interactive="core/navigation" data-wp-context='{"overlayOpenedBy":{"click":false,"hover":false,"focus":false},"type":"overlay","roleAttribute":"","ariaLabel":"Menu"}'><button aria-haspopup="dialog" aria-label="Ouvrir le menu" class="wp-block-navigation__responsive-container-open" 
				data-wp-on--click="actions.openMenuOnClick"
				data-wp-on--keydown="actions.handleMenuKeydown"
			><svg width="24" height="24" xmlns="http://www.w3.org/2000/svg" viewBox="0 0 24 24"><path d="M5 5v1.5h14V5H5z"></path><path d="M5 12.8h14v-1.5H5v1.5z"></path><path d="M5 19h14v-1.5H5V19z"></path></svg></button>
				<div class="wp-block-navigation__responsive-container  has-text-color has-custom-marron-fonc-color has-background has-custom-cr-me-opaque-background-color"  id="modal-1" 
				data-wp-class--has-modal-open="state.isMenuOpen"
				data-wp-class--is-menu-open="state.isMenuOpen"
				data-wp-watch="callbacks.initMenu"
				data-wp-on--keydown="actions.handleMenuKeydown"
				data-wp-on--focusout="actions.handleMenuFocusout"
				tabindex="-1"
			>
					<div class="wp-block-navigation__responsive-close" tabindex="-1">
						<div class="wp-block-navigation__responsive-dialog" 
				data-wp-bind--aria-modal="state.ariaModal"
				data-wp-bind--aria-label="state.ariaLabel"
				data-wp-bind--role="state.roleAttribute"
			>
							<button aria-label="Fermer le menu" class="wp-block-navigation__responsive-container-close" 
				data-wp-on--click="actions.closeMenuOnClick"
			><svg xmlns="http://www.w3.org/2000/svg" viewBox="0 0 24 24" width="24" height="24" aria-hidden="true" focusable="false"><path d="m13.06 12 6.47-6.47-1.06-1.06L12 10.94 5.53 4.47 4.47 5.53 10.94 12l-6.47 6.47 1.06 1.06L12 13.06l6.47 6.47 1.06-1.06L13.06 12Z"></path></svg></button>
							<div class="wp-block-navigation__responsive-container-content" 
				data-wp-watch="callbacks.focusFirstElement"
			 id="modal-1-content">
								<ul class="wp-block-navigation__container is-responsive items-justified-center wp-block-navigation"><li style="text-decoration:underline;" class=" wp-block-navigation-item wp-block-navigation-link"><a class="wp-block-navigation-item__content"  href="https://carmel-creteil.org/"><span class="wp-block-navigation-item__label">Accueil</span></a></li><li style="text-decoration:underline;" class=" wp-block-navigation-item wp-block-navigation-link"><a class="wp-block-navigation-item__content"  href="https://carmel-creteil.org/?page_id=297&#038;preview=true"><span class="wp-block-navigation-item__label">Notre Histoire</span></a></li><li style="text-decoration:underline;" class=" wp-block-navigation-item wp-block-navigation-link"><a class="wp-block-navigation-item__content"  href="https://carmel-creteil.org/index.php/le-monastere-aujourdhui-a-creteil/"><span class="wp-block-navigation-item__label">Le monastère aujourd’hui</span></a></li><li style="text-decoration:underline;" class=" wp-block-navigation-item wp-block-navigation-link"><a class="wp-block-navigation-item__content"  href="https://carmel-creteil.org/index.php/venir-prier/"><span class="wp-block-navigation-item__label">Venir prier</span></a></li><li style="text-decoration:underline;" class=" wp-block-navigation-item wp-block-navigation-link"><a class="wp-block-navigation-item__content"  href="https://carmel-creteil.org/index.php/notre-travail/"><span class="wp-block-navigation-item__label">Notre travail</span></a></li><li style="text-decoration:underline;" class=" wp-block-navigation-item wp-block-navigation-link"><a class="wp-block-navigation-item__content"  href="https://carmel-creteil.org/index.php/coordonnees-et-offices/"><span class="wp-block-navigation-item__label">Nous contacter</span></a></li><li style="text-decoration:underline;" class=" wp-block-navigation-item wp-block-navigation-link"><a class="wp-block-navigation-item__content"  href="https://carmel-creteil.org/index.php/nous-aider/"><span class="wp-block-navigation-item__label">Nous aider</span></a></li></ul>
							</div>
						</div>
					</div>
				</div></nav>


<div style="height:33px" aria-hidden="true" class="wp-block-spacer"></div>



<p class="has-x-large-font-size"><strong>Nous aider</strong></p>



<div class="wp-block-group is-layout-constrained wp-block-group-is-layout-constrained">
<div class="wp-block-columns is-layout-flex wp-container-core-columns-is-layout-28f84493 wp-block-columns-is-layout-flex">
<div class="wp-block-column is-layout-flow wp-block-column-is-layout-flow">
<div style="height:31px" aria-hidden="true" class="wp-block-spacer"></div>



<p class="has-text-align-center">Légalement reconnue, <strong>notre communauté est habilitée à recevoir des dons.</strong></p>



<p class="has-text-align-center">Elle peut aussi, en qualité de « personne morale » (Carmel Sainte Thérèse), <strong>être bénéficiaire de legs exonérés de droits.</strong></p>
</div>



<div class="wp-block-column is-layout-flow wp-block-column-is-layout-flow">
<p class="has-text-align-center has-custom-cr-me-background-color has-background" style="padding-top:0;padding-right:0;padding-bottom:0;padding-left:0;font-size:26px;line-height:1.3"><strong>Que le Seigneur vous le rende en grâces !</strong></p>



<div class="wp-block-cover aligncenter has-custom-content-position is-position-top-center" style="min-height:399px;aspect-ratio:unset;"><img loading="lazy" decoding="async" width="768" height="1024" class="wp-block-cover__image-background wp-image-731" alt="" src="https://carmel-creteil.org/wp-content/uploads/2025/07/IMG_0171-768x1024.jpg" data-object-fit="cover"/><span aria-hidden="true" class="wp-block-cover__background has-background-dim-0 has-background-dim"></span><div class="wp-block-cover__inner-container is-layout-flow wp-block-cover-is-layout-flow">
<p class="has-text-align-right has-ti-bg-color has-text-color has-link-color has-x-large-font-size wp-elements-9f591927ec13e2203de3a9b4508d4bdc">MERCI</p>



<div style="height:117px" aria-hidden="true" class="wp-block-spacer"></div>
</div></div>
</div>



<div class="wp-block-column is-layout-flow wp-block-column-is-layout-flow">
<div style="height:19px" aria-hidden="true" class="wp-block-spacer"></div>



<p class="has-text-align-center" style="font-size:25px"><strong>Pour bénéficier d&rsquo;un reçu fiscal</strong>, merci de passer par La Fondation des Monastères :</p>



<figure class="wp-block-image aligncenter size-full is-resized"><a href="https://fondationdesmonasteres.org"><img loading="lazy" decoding="async" width="100" height="123" src="https://carmel-creteil.org/wp-content/uploads/2025/08/Fondation-du-monasteres-830x1024-1-e1754140397183.jpg" alt="" class="wp-image-1162" style="width:123px;height:auto"/></a></figure>



<p class="has-text-align-center" style="font-size:18px"><a href="http://www.fondationdesmonasteres.org"><em><strong>www.fondationdesmonasteres.org</strong></em></a></p>
</div>
</div>
</div>



<p class="has-text-align-center has-custom-cr-me-background-color has-background" style="margin-right:0;margin-left:0;padding-top:0;padding-bottom:0;font-size:30px"><em><strong>Tous les mois, une messe est célébrée pour nos bienfaiteurs.</strong></em></p>



<div style="height:100px" aria-hidden="true" class="wp-block-spacer"></div>



<p class="has-text-align-center"><em>© Tous droits réservés &#8211; Carmel Sainte Thérèse de Créteil</em></p>

<p>Nous aider Légalement reconnue, notre communauté est habilitée à recevoir des dons. Elle peut aussi, en qualité de « personne morale » (Carmel Sainte Thérèse), être bénéficiaire de legs exonérés de droits. Que le Seigneur vous le rende en grâces ! Pour bénéficier d&rsquo;un reçu fiscal, merci de passer par La Fondation des Monastères : www.fondationdesmonasteres.org Tous [&hellip;]</p>
